e u(-3). Suppose -4*j - j + y = d, -j + 6 = -3*d. Is (62 - (-4 - d))*1 prime?
False
Let s = -7 - -12. Let r(d) = 78*d + 3. Let l(f) = -f. Let o(q) = s*l(q) - r(q). Is o(-4) composite?
True
Suppose 4*b - 2 = 4*i - 6, -b - 10 = -4*i. Is (1901/(-4)*b)/((-24)/48) a composite number?
False
Suppose 3*j = -3, 5*w - 34*j + 30*j = 1040099. Is w prime?
False
Let m = 58 + -18. Let f be 3/42 + 310/(-28). Let a = m - f. Is a prime?
False
Suppose 4*x - 105301 = -x + 3*r, -8 = 4*r. Is x composite?
False
Let w(x) = 12*x**2 - 15*x - 41. Let t be -3 + 4 - (-3 + 10). Is w(t) composite?
True
Suppose 527*u - 234687890 = 357*u. Is u a composite number?
False
Let b = 1300629 - 223570. Is b a prime number?
True
Suppose -4*j + 3 = -t, -5*t = -0*t - 25. Suppose 2*w + j*w - 14348 = 0. Is w composite?
True
Is 121344650/(-210)*(-9)/15 a composite number?
False
Let l = -19752 - -33533. Suppose f - 866 - 2577 = 2*d, 5*d = 4*f - l. Is f a prime number?
True
Let t = 51 + -50. Suppose -2*k = -t - 3. Is 0 + 655/k + (-7)/14 a composite number?
True
Suppose -5*k = -4*y - 1237187, 2*y = 12*k - 7*k - 1237191. Is k prime?
True
Let t(q) = 2*q**3 - 8*q**2 + 31*q - 18. Suppose 4*x + 5*r = 77, 0 = -4*x + 5*r + 9 + 18. Is t(x) a prime number?
False
Suppose -3*l = -6*l - w + 6, 5*l + 3*w = 10. Let u(g) = 7 + 2*g**l - 3 + 10 + 17*g. Is u(-25) a composite number?
False
Suppose -2*o = -3*x + 55, 0 = 3*o + 3*x - 23 + 113. Let h = 29 + o. Let s(p) = -2*p + 466. Is s(h) prime?
False
Let k be (-24)/16*(-1 - 48479/3). Suppose 12*x = 5*x + k. Is x a composite number?
False
Let i(d) = -137*d + 92. Let r be i(-16). Suppose -116*u + 112*u + r = 0. Is u prime?
True
Let s(j) = -j - 28. Let w(y) = 14. Let q(b) = 2*s(b) + 5*w(b). Let h be q(10). Let f(d) = -126*d + 15. Is f(h) composite?
True
Let u = 407 - 403. Is (-49)/(-7) - (-4184 + u) prime?
False
Suppose 0 = 45*h - 40*h - 2*p - 554321, h - 2*p = 110869. Is h a composite number?
False
Let t be (216979/(-28) - 4) + (-6)/8. Let f = 11890 + t. Suppose -4*r - 4*r = -f. Is r composite?
True
Let z = -1724 + 5501. Is (1/(-4))/(18/(-24))*z a composite number?
False
Let n(x) = 5*x - 5. Let k be n(2). Suppose -2 = -b, -k*t + 4*b = -0*b - 22. Suppose 12125 = t*f + 1043. Is f a prime number?
True
Let k = 27082 - -49117. Is k prime?
False
Let f(i) = -4604*i + 35. Let n be f(3). Is (-3)/(10/40 + n/55060) a composite number?
True
Let a(f) = 20*f**3 - 44*f**2 - 31*f - 27. Let y(j) = 11*j**3 - 22*j**2 - 15*j - 13. Let w(t) = 6*a(t) - 11*y(t). Is w(-22) composite?
False
Suppose -o = 4, 0 = -l - 3*o + 2621 + 25098. Is l composite?
True
Let o = -3021 + 4895. Let l = 2989 - o. Is l prime?
False
Let h = -245779 + 389301. Is h composite?
True
Let x = -184 - -184. Suppose x = d + 2*k - 1373, 0*k = 3*d + 2*k - 4135. Is d composite?
False
Suppose 11824 = k - 3*k. Let o = -1700 - k. Suppose 6*u - 4*w - 5283 = u, 4*w = -4*u + o. Is u a composite number?
True
Suppose -250780 = -13*k + 749479. Is k composite?
False
Suppose -4*m - 78 = 6*l - 5*l, 0 = 5*m + 5*l + 105. Let n(r) = -3162*r - 127. Is n(m) a composite number?
False
Suppose 13*p + 8466 = 7*p. Is (-2304329)/p + 4/(-34)*1 a composite number?
True
Let n(t) = t**2 - 12*t - 13. Let y be n(13). Suppose 3*a - 6*a = -4*w - 6151, y = 3*a + 5*w - 6169. Is a a prime number?
True
Suppose -29658 = -52*s - 575502. Let g = 67328 + s. Is g a prime number?
False
Suppose -l + 19380 = 14*l. Let f = l - 373. Is f prime?
True
Let j = -225740 + 548413. Is j composite?
True
Suppose -2*m = 3*i - 3*m - 13, -11 = -i - m. Suppose -28 = -5*b + 4*z - 0*z, 5*b = -5*z + 10. Is 7827/i*(-1)/(-2)*b a composite number?
False
Let c = 53 - 49. Suppose -4*y + 5*w = -40446, y - 20236 = -y - c*w. Is y/10 - 12/30 composite?
True
Let m be 4*((-2)/28 + 8/14). Let j(d) = -d**3 - 11*d**2 - 2*d - 20. Let c be j(-11). Suppose -6*v - 2*w = -2*v - 4224, m*v + c*w = 2114. Is v a prime number?
False
Let m(p) = -4*p**3 - 6*p**2 + 14*p - 1. Let o be m(-10). Suppose 14497 = 6*v + o. Suppose -v - 477 = -10*x. Is x prime?
False
Let t = 45 + -49. Let b = t - -1. Is 69629/14 + -6 - b/2 composite?
False
Let x be (-244)/6 - 32/24. Let t = -38 - x. Suppose t*h + 2*h = 762. Is h a prime number?
True
Let f(k) = 19*k - 11*k + 34 - 7*k. Let c be f(-23). Is 751 - c - (-1)/((-2)/(-6)) a prime number?
True
Let k(b) be the second derivative of -b**8/3360 + b**6/90 + b**5/12 - 17*b**4/12 - 11*b. Let x(g) be the third derivative of k(g). Is x(-4) a prime number?
False
Suppose -4*r = -5*r + 31. Suppose -2*q + 7 = r. Is (2936/q)/((30/(-9))/5) a prime number?
True
Let l(p) = 60*p - 1462. Is l(37) composite?
True
Let b = 2088 + -3189. Let i = 2676 + b. Suppose -584 = 4*u + z - 6899, 4*z = -u + i. Is u composite?
False
Let d = -467 + 320. Is 8/28 + (-71547)/d composite?
False
Let i(z) be the second derivative of 517*z**4/6 + 7*z**3/6 + 13*z**2/2 + 4*z - 1. Is i(-2) a prime number?
False
Suppose 47823 = -18*w + 15*w. Let p = w + 34963. Is p a composite number?
True
Let l = 92032 - 46029. Is l a composite number?
True
Suppose 175 = -3*g - 137. Let s = 403 + g. Is s a prime number?
False
Let z(o) = -42*o + 11. Let s be z(1). Let x = s + 36. Suppose u - 2*c - 1470 = c, -5*c - 7320 = -x*u. Is u a composite number?
True
Suppose -9*p + 117049 = -708548. Is p prime?
True
Let u(g) = -473*g - 2807. Is u(-120) a prime number?
False
Suppose 0 = -0*o + 2*o + 462. Let b = -2643 + 2915. Let p = b - o. Is p prime?
True
Let o(m) = -7*m**3 + 2*m**2 + m. Let x be o(-1). Suppose -2 + 22 = 5*k, 4*k - x = -2*u. Is u + 4 - 1 - -264 composite?
False
Let c(o) = 47*o + 2. Let h(l) = 94*l + 6. Let k(x) = 11*c(x) - 6*h(x). Is k(-3) a composite number?
False
Suppose 2382 + 4078 = 68*c. Is c prime?
False
Let l(q) = -4*q**3 + q**2 + 66*q + 14. Let n be l(-6). Suppose -5*k + 14 = -1. Suppose -n = -2*v + 5*o + 1368, -o = k*v - 2795. Is v a composite number?
True
Suppose 91*a = -41*a + 6896868. Is a a composite number?
False
Let x(c) = -39631*c - 709. Is x(-8) a prime number?
True
Let q be ((-8)/(-10))/(2/150). Let z = q + -55. Suppose z*m + 5*p = 160, 3*m + 5*p = 4*m - 62. Is m a prime number?
True
Let h(q) = -16*q - 2. Let x be h(-1). Suppose -8*d + x*d + 10146 = 0. Let v = -838 - d. Is v a composite number?
False
Let l(k) = -25*k**2 - 37*k - 14. Let n be l(-15). Let f = 7291 + n. Is f composite?
False
Suppose -9019 = -t + 3*j, 2*j = -3*t + 7*t - 36066. Suppose -22*o + t = -15*o. Suppose 2*i + 3*k = 3 + o, 0 = -5*k + 15. Is i a composite number?
False
Suppose 19*z - 106217 = 11*z - 22129. Is z prime?
False
Let m be (-3 - -1)/((-2)/3). Suppose 4*v - 17139 - 4854 = -5*o, -v - m*o = -5500. Is v a prime number?
False
Suppose -184 = 3*i + 2*r, 326 = -4*i - 5*r + 76. Let q = i + 65. Suppose 303 + 982 = q*f. Is f a composite number?
False
Let r(z) be the first derivative of z**4/4 + 9*z**3 + 31*z**2 + 21*z + 148. Is r(-10) a prime number?
False
Let m be (-3 - -23) + ((-48)/(-18))/(8/(-12)). Suppose 26 = 3*h - 16. Suppose -258 = h*d - m*d. Is d composite?
True
Let k be 72/34 + (-14)/119. Is k/(-10)*(-367065)/27 a composite number?
False
Let r be (5/5)/((-1)/(-3)). Suppose 7*c - r*c = 4980. Let w = -863 + c. Is w a prime number?
False
Let c be -2 + 42/15 + 56/(-20). Is (70/84 - c/(-4))*72453 a prime number?
True
Let z be (-1)/2 - 91179/(-54). Let x = 4247 - z. Is x composite?
True
Suppose 3*x + 12 = 0, i - 2 = 5*x + 22. Let d be 754*i/8 + 0. Let w = d + -56. Is w prime?
False
Let a = 3368 - 3364. Suppose h - 3*h + 2020 = 0. Suppose 2750 = a*p - 2*z, -h - 2390 = -5*p - 5*z. Is p a composite number?
True
Suppose z - 435671 = -4*a, -15*a - 200*z + 202*z = -1633749. Is a a prime number?
True
Let f(z) = -z**3 - 2*z - 6. Let t be f(0). Let i be 3168/t*3/(-6). Suppose -4*u + i = -964. Is u a prime number?
True
Suppose 3*d = 1847 + 1867. Suppose -3*i + 2035 = -d. Suppose -4727 + i = -12*j. Is j composite?
True
Let b(c) = c**3 + 5*c**2 + 10*c - 18. Let s(h) = 3*h**3 + 14*h**2 + 31*h - 53. Let o(i) = -11*b(i) + 4*s(i). Let r be o(10). Suppose 2*l = -324 + r. Is l prime?
False
Suppose -3*s + 6*s - 4*j = 18, 4*s - 5*j - 23 = 0. Suppose 0 = s*n - 5*n - o + 19207, 3*n - 4*o - 19187 = 0. Is n prime?
False
Let a(z) = -2624*z + 553. Is a(-17) a prime number?
True
Let z(y) = 11*y**2 - 3 + 14*y - y**3 + 10 + 8. Let c = -3236 + 3247. Is z(c) prime?
F